 the highest common factor of 27700233 and 715.
11
Calculate the greatest common factor of 52188 and 125352.
12
Calculate the highest common divisor of 507172 and 64684.
412
Calculate the greatest common factor of 5770 and 1115820.
10
Calculate the greatest common factor of 240 and 9416490.
30
Calculate the highest common divisor of 484846 and 24734.
298
What is the greatest common divisor of 30 and 560886?
6
Calculate the highest common factor of 148 and 43832.
4
Calculate the greatest common factor of 19 and 230739.
1
What is the highest common factor of 14 and 23524151?
7
Calculate the highest common factor of 468 and 403730379.
117
What is the greatest common factor of 105401680 and 80?
80
What is the greatest common divisor of 14542020 and 23580?
180
What is the highest common divisor of 12661 and 143847?
11
Calculate the highest common factor of 19968 and 40028352.
2496
Calculate the greatest common divisor of 3130730 and 44484.
674
What is the highest common divisor of 322834 and 93980?
254
What is the highest common factor of 42447088 and 48?
16
Calculate the highest common factor of 2649054 and 192768.
1506
What is the greatest common divisor of 154517 and 11979?
121
Calculate the highest common divisor of 420 and 8905155.
105
Calculate the greatest common factor of 299429 and 10075.
403
What is the highest common factor of 52377 and 304487?
17
What is the greatest common divisor of 64108 and 137804?
188
Calculate the highest common divisor of 28571861 and 36971.
3361
What is the greatest common factor of 3065 and 1496333?
613
What is the greatest common factor of 46431 and 347401901?
5159
Calculate the highest common factor of 350 and 4699205.
35
What is the greatest common divisor of 16930 and 21668?
2
What is the greatest common factor of 1322586 and 18?
18
Calculate the highest common divisor of 136 and 2679536.
8
What is the highest common factor of 3135 and 3870273?
33
What is the greatest common divisor of 1183 and 3174665?
169
What is the greatest common factor of 1416 and 372624?
24
What is the highest common divisor of 3903886 and 7?
7
What is the greatest common divisor of 87 and 832890?
3
What is the highest common factor of 331 and 876451259?
331
Calculate the highest common factor of 16 and 59809656.
8
What is the highest common factor of 5800 and 557877640?
1160
What is the greatest common factor of 114880 and 180?
20
What is the greatest common divisor of 13 and 1351940083?
13
What is the greatest common divisor of 550 and 259512?
22
What is the highest common divisor of 25984 and 1582?
14
Calculate the greatest common divisor of 238005 and 215.
215
Calculate the highest common factor of 79094 and 4639810.
1114
Calculate the greatest common divisor of 231826 and 406.
406
What is the highest common factor of 1219375 and 6428545?
9755
Calculate the greatest common factor of 32 and 46161624.
8
What is the greatest common factor of 174 and 64398?
6
What is the greatest common divisor of 326 and 20273614?
326
What is the highest common factor of 3256616 and 3168?
88
Calculate the highest common factor of 7467 and 926694.
393
Calculate the highest common divisor of 16 and 2082898.
2
Calculate the highest common factor of 826 and 33196114.
826
What is the highest common factor of 13768216 and 1960?
392
What is the highest common divisor of 299008 and 1280?
256
What is the highest common factor of 608435061 and 6942?
3471
Calculate the highest common factor of 1350 and 1060650.
450
What is the highest common factor of 11835082 and 14?
14
Calculate the highest common factor of 73698852 and 852.
852
Calculate the highest common divisor of 90 and 2998688.
2
Calculate the greatest common divisor of 784312 and 1930996.
4964
Calculate the highest common factor of 1308660 and 1399440.
1020
Calculate the highest common divisor of 137338875 and 30375.
3375
Calculate the greatest common factor of 16549 and 23218.
247
What is the greatest common factor of 133155 and 149026?
269
Calculate the highest common factor of 345 and 39153291.
69
Calculate the greatest common divisor of 17865652 and 56.
28
What is the highest common factor of 6360866 and 7086?
2362
Calculate the highest common divisor of 5632 and 447158272.
5632
What is the highest common factor of 5860411 and 2798?
1399
Calculate the highest common factor of 306 and 164436138.
306
Calculate the highest common divisor of 19968 and 619744.
32
Calculate the highest common divisor of 1450 and 251321975.
725
What is the greatest common factor of 1744 and 15236456?
872
What is the greatest common factor of 5 and 708121?
1
What is the highest common factor of 21271820 and 60?
20
What is the highest common factor of 268201989 and 66?
33
What is the highest common divisor of 635184 and 1907136?
1584
Calculate the highest common factor of 45874455 and 1320.
165
What is the greatest common factor of 165 and 34164383?
11
What is the greatest common factor of 33532127 and 183?
61
Calculate the highest common factor of 11500497 and 18.
9
Calculate the highest common divisor of 118574 and 7767910.
202
Calculate the greatest common divisor of 423 and 4995.
9
Calculate the greatest common divisor of 588 and 1245773452.
196
Calculate the highest common factor of 3113 and 79748834.
3113
Calculate the highest common factor of 1512 and 527336.
8
Calculate the greatest common divisor of 543025 and 7210.
35
What is the highest common divisor of 13025 and 107847?
521
What is the highest common divisor of 310288 and 28402704?
7568
What is the highest common factor of 24 and 17846152?
8
What is the greatest common factor of 520 and 154201216?
104
Calculate the greatest common divisor of 714663 and 367659.
4131
Calculate the greatest common factor of 1640817 and 6768.
423
What is the highest common divisor of 344 and 174236516?
172
Calculate the highest common factor of 37361 and 141.
1
What is the greatest common divisor of 35497 and 1258991?
461
Calculate the highest common factor of 169121 and 36.
1
What is the greatest common factor of 17920 and 716160?
640
What is the highest common divisor of 3993 and 26922137?
1331
What is the highest common factor of 46 and 5181356?
2
Calculate the greatest common divisor of 13587 and 38073.
21
What is the greatest common factor of 3488685 and 6099?
57
Calculate the highest common factor of 5313 and 5728173.
759
What is the highest common factor of 328 and 76401737?
41
Calculate the highest common divisor of 12335272 and 868.
124
What is the greatest common factor of 771468514 and 114?
38
What is the highest common factor of 130 and 8680425?
65
Calculate the highest common divisor of 3397 and 59329.
79
What is the greatest common divisor of 6050 and 33624855?
55
What is the highest common factor of 261 and 1782311?
29
What is the greatest common factor of 1023029 and 101808?
707
What is the greatest common divisor of 7936 and 1096532?
124
Calculate the highest common factor of 276801 and 44247.
1029
Calculate the greatest common factor of 188 and 12655502.
94
Calculate the greatest common divisor of 14715 and 440905.
545
Calculate the highest common factor of 6992856 and 128.
8
What is the highest common factor of 5347660 and 2773?
47
What is the greatest common divisor of 4434 and 8204?
2
Calculate the greatest common factor of 194 and 30702.
2
What is the highest common factor of 3777900 and 7?
7
What is the highest common factor of 438 and 5129988?
6
Calculate the greatest common divisor of 1221148 and 21408.
892
Calculate the greatest common divisor of 3635436 and 102644.
1532
Calculate the highest common factor of 32560437 and 5460.
273
What is the greatest common divisor of 960739 and 7364?
263
Calculate the greatest common divisor of 1841 and 300195301.
1841
What is the highest common divisor of 190788857 and 18025?
721
What is the greatest common divisor of 166 and 493008878?
166
Calculate the greatest common divisor of 17409535 and 22.
11
What is the greatest common factor of 133 and 24538842?
19
What is the greatest common factor of 8590 and 1016010?
10
Calculate the highest common factor of 235 and 25287034.
47
Calculate the highest common divisor of 54528 and 1885476.
852
What is the highest common factor of 207 and 31174839?
9
What is the greatest